{"id":38,"date":"2025-12-04T16:48:21","date_gmt":"2025-12-04T16:48:21","guid":{"rendered":"https:\/\/promosdanone.com.uy\/?page_id=38"},"modified":"2025-12-04T16:48:42","modified_gmt":"2025-12-04T16:48:42","slug":"politicas-de-privacidad","status":"publish","type":"page","link":"https:\/\/promosdanone.com.uy\/index.php\/politicas-de-privacidad\/","title":{"rendered":"Pol\u00edticas de Privacidad"},"content":{"rendered":"\n<div style=\"height:100px\" aria-hidden=\"true\" class=\"wp-block-spacer\"><\/div>\n\n\n\n<h2 class=\"wp-block-heading\">Pol\u00edticas de privacidad<\/h2>\n\n\n\n<p>Bienvenido a www.promosdanone.com.uy (el \u201cSitio\u201d) de FORT MASIS S.A. (el \u201cTitular\u201d), con RUT 21.428507.0013, con domicilio en la Ruta 101, Kil\u00f3metro 24.500 del Departamento de Canelones, Rep\u00fablica Oriental del Uruguay (el \u201cTitular\u201d). Al acceder y\/o navegar por el Sitio, el Usuario acepta esta Pol\u00edtica de Privacidad (la \u201cPol\u00edtica\u201d) que rige el uso que realicen las personas que ingresen al Sitio (el\/os \u201cUsuario\/s\u201d). Por Usuario del Sitio se entiende tanto a los registrados como a los visitantes. Al registrarse y\/o navegar y\/o interactuar en el Sitio, el Usuario presta su consentimiento a la Pol\u00edtica. Si el Usuario no est\u00e1 de acuerdo con esta Pol\u00edtica, debe cesar inmediatamente el uso de este Sitio.<\/p>\n\n\n\n<p><strong><br>\u00bfQu\u00e9 comprende nuestra Pol\u00edtica de Privacidad?<br><\/strong>Esta Pol\u00edtica est\u00e1 dividida en las siguientes secciones:<\/p>\n\n\n\n<p>1. Recolecci\u00f3n y Procesamiento de Datos<br>2. \u201cCookies\u201d \u2013 Informaci\u00f3n guardada autom\u00e1ticamente en su computadora<br>3. Uso de Datos Personales y Prop\u00f3sito de Uso<br>4. Revelaci\u00f3n de Datos \u2013 Restricciones<br>5. Libertad de Informaci\u00f3n<br>6. Links Externos<br>7. Seguridad<br>8. Preguntas y Comentarios<\/p>\n\n\n\n<p><br>Esta Pol\u00edtica est\u00e1 sujeta a cambios, modificaciones y podr\u00e1 ser reemplazada total o parcialmente en cualquier momento. Cualquier modificaci\u00f3n de esta Pol\u00edtica se llevar\u00e1 a efecto en la publicaci\u00f3n de los t\u00e9rminos actualizados en este Sitio. La continuidad en el uso del Sitio despu\u00e9s que se haya modificado la Pol\u00edtica significar\u00e1 la aceptaci\u00f3n del Usuario a la versi\u00f3n actualizada de la nueva Pol\u00edtica actualizada. Por esta raz\u00f3n, encomendamos al Usuario revisar esta Pol\u00edtica cada vez que utilice este Sitio.<br><\/p>\n\n\n\n<p>Esta Pol\u00edtica se integra y complementa con los T\u00e9rminos de Uso y otros documentos que el Sitio publique, en su \u00faltima versi\u00f3n vigente, que tambi\u00e9n el Usuario declara conocer y aceptar como condici\u00f3n previa para usar el Sitio. Todas las visitas que se realicen en este Sitio y sus efectos jur\u00eddicos, quedar\u00e1n regidos por estas reglas y sometidas a la legislaci\u00f3n aplicable en la Rep\u00fablica Oriental del Uruguay.<\/p>\n\n\n\n<p><br><strong>1. Recolecci\u00f3n y Procesamiento de Datos<br><\/strong>\u2022 Informaci\u00f3n brindada por el Usuario: Datos Personales.<br>Datos Personales es cualquier informaci\u00f3n que permite identificar a un individuo. Las clases de datos personales que el presente Sitio puede recolectar incluyen el nombre y el apellido de la persona y la direcci\u00f3n de correo electr\u00f3nico. El Titular de este Sitio no recabar\u00e1 ning\u00fan dato personal sobre su persona a menos que el Usuario voluntariamente lo provea o de otro modo lo permita la normativa aplicable sobre protecci\u00f3n de datos personales. En consecuencia, quien provee los datos reconoce que proporciona sus datos en forma absolutamente voluntaria y que los mismos son ciertos.<\/p>\n\n\n\n<p><br>\u2022 Informaci\u00f3n autom\u00e1ticamente cargada: no reviste car\u00e1cter de dato personal.<br>Cuando el Usuario visita el presente Sitio, el servidor puede autom\u00e1ticamente grabar informaci\u00f3n que no reviste el car\u00e1cter de dato personal (por ej. el nombre de su buscador, su proveedor de Internet, el sitio web desde el que nos visita, el tiempo promedio utilizado en el sitio y las p\u00e1ginas visitadas, entre otros). La recolecci\u00f3n, procesamiento y uso de comunicaciones o utilizaci\u00f3n de datos ocurrir\u00e1 y ser\u00e1 realizada de conformidad a la m\u00e1xima extensi\u00f3n posible que brinda el marco legal de protecci\u00f3n de la privacidad de los datos. Cualquier tratamiento de Datos Personales se realiza en cumplimiento de la Ley 18.331 de Protecci\u00f3n de Datos.<\/p>\n\n\n\n<p><br><strong>2. \u201cCookies\u201d<br><\/strong>\u2022 Informaci\u00f3n guardada autom\u00e1ticamente en su computadora<br>Una \u201ccookie\u201d es informaci\u00f3n que NO reviste el car\u00e1cter de dato personal y que el sitio web coloca en el disco r\u00edgido del visitante para que de esa manera pueda recordar cierta informaci\u00f3n sobre el visitante al momento de su pr\u00f3xima visita al sitio web o a un sitio relacionado. El Titular de este Sitio puede usar cookies para seguir las preferencias de sus visitantes y optimizar el Sitio en consecuencia. Si Ud. no desea recibir cookies, por favor configure su explorador de Internet para borrar todas las cookies del disco r\u00edgido de su computadora, bloquear todas las cookies o recibir una advertencia antes que la cookie sea guardada. Los datos personales adicionales solo ser\u00e1n almacenados si el Usuario los brinda en forma voluntaria.<\/p>\n\n\n\n<p><br><strong>3. Uso de Datos Personales y Prop\u00f3sito de Uso<br><\/strong>El Titular del Sitio se reserva el derecho de solicitar la registraci\u00f3n del Usuario para acceder a determinados contenidos. En este supuesto, el Titular del Sitio \u00fanicamente recoge los datos personales de los Usuarios que, durante el facultativo proceso de registraci\u00f3n, son voluntariamente provistos por los propios Usuarios. Entre tales datos personales se detallan los siguientes: nombre completo y correo electr\u00f3nico. La informaci\u00f3n que el Usuario provee al Sitio es utilizada a los efectos de proveerle informaci\u00f3n y\/o receptar vuestras sugerencias. El Titular o quien \u00e9ste designe almacenar\u00e1 los datos personales que el Usuario ha optado por informar. En caso que el Usuario no proporcione sus Datos Personales, no podr\u00e1 recibir vuestras sugerencias ni informaci\u00f3n. En caso de recolecci\u00f3n de datos personales de los Usuarios, \u00e9stos ser\u00e1n incluidos en una base de datos para establecer perfiles determinados con fines promocionales y comerciales. Si el Usuario desea que su informaci\u00f3n sea eliminada de nuestra base de datos, puede solicitarlo en cualquier momento enviando un e-mail a la siguiente direcci\u00f3n: danoneuruguay@danone.com y colocando en el asunto \u201cremover\u201d.<\/p>\n\n\n\n<p><br><strong>4. Revelaci\u00f3n de Datos \u2013 Restricciones<br><\/strong>El Titular \u00fanicamente recabar\u00e1, utilizar\u00e1 o revelar\u00e1 datos personales provistos por el Usuario al solo efecto de los prop\u00f3sitos informados. El Titular no brindar\u00e1 los datos personales obtenidos a terceros, a menos que la revelaci\u00f3n de los datos:<br>(i) sea necesaria para preparar, negociar y celebrar un contrato con el Usuario;<br>(ii) sea requerido por alguna normativa, autoridad gubernamental o autoridad judicial;<br>(iii) sea necesario para establecer o preservar un reclamo judicial o defensa;<br>(iv) sea necesario para impedir fraudes u otras actividades ilegales como ataques intencionados a los sistemas tecnol\u00f3gicos inform\u00e1ticos del titular.<\/p>\n\n\n\n<p><br><strong>5. Libertad de Informaci\u00f3n<br><\/strong>Bajo requerimiento escrito de vuestra parte, el Titular informar\u00e1 al Usuario por el medio que solicite los datos personales clasificados que correspondan a su persona, de conformidad a lo estipulado en la legislaci\u00f3n local. Si esos datos son incorrectos, desea actualizarlos y\/o suprimirlos, el Titular corregir\u00e1, actualizar\u00e1 y\/o suprimir\u00e1 esa informaci\u00f3n a su requerimiento sin costo alguno. Para ello, por favor tenga a bien enviar un e-mail a esta direcci\u00f3n \u201cdanoneuruguay@danone.com\u201d colocando en el asunto \u201cactualizar\u201d. Si el Usuario se dirige al e-mail arriba mencionado, se le indicar\u00e1 la forma en que podr\u00e1 solicitar gratuitamente el acceso, la rectificaci\u00f3n, actualizaci\u00f3n y\/o supresi\u00f3n de sus datos personales.<\/p>\n\n\n\n<p><br><strong>6. Links Externos<br><\/strong>Este Sitio puede incluir links a otros sitios web. El Titular no es responsable y no reconoce ninguna responsabilidad por las pol\u00edticas de privacidad, pr\u00e1cticas y contenidos de esos sitios. Se encomienda a los visitantes a revisar las pol\u00edticas da privacidad indicados en esos (y en todos) los sitios de terceros.<\/p>\n\n\n\n<p><br><strong>7. Seguridad<\/strong><br>El Titular utiliza medidas de seguridad, t\u00e9cnicas y organizacionales para proteger los datos personales del Usuario contra manipulaciones accidentales o intencionales, destrucci\u00f3n ileg\u00edtima, p\u00e9rdida o contra el acceso o revelaci\u00f3n no autorizada. Nuestros procedimientos de seguridad son continuamente mejorados conforme la nueva tecnolog\u00eda disponible. Este Sitio contiene links a otros sitios web, los cuales no est\u00e1n cubiertos por esta Pol\u00edtica de Privacidad. El Titular no es responsable por las pol\u00edticas de privacidad o el contenido de otros sitios web.<\/p>\n\n\n\n<p><br><strong>8. Preguntas y Comentarios<\/strong><br>Su el Usuario tiene alguna pregunta en relaci\u00f3n a la Pol\u00edtica de Privacidad de este Sitio o los T\u00e9rminos de Uso, podr\u00e1 contactarse a danoneuruguay@danone.com. Las partes se someten para la resoluci\u00f3n de los conflictos y con renuncia a cualquier otro fuero, a los tribunales de la Ciudad de Montevideo.<br><\/p>\n\n\n\n<p><strong>Atenci\u00f3n al Cliente: 0800 8003<\/strong><br>El uso de este sitio web implica la aceptaci\u00f3n de los&nbsp;<a href=\"https:\/\/promosdanone.com.uy\/index.php\/terminos-de-uso\/\" data-type=\"page\" data-id=\"34\">T\u00e9rminos de Uso<\/a>&nbsp;y de estas Pol\u00edticas de Privacidad publicadas en este Sitio.<\/p>\n\n\n\n<div style=\"height:100px\" aria-hidden=\"true\" class=\"wp-block-spacer\"><\/div>\n","protected":false},"excerpt":{"rendered":"<p>Pol\u00edticas de privacidad Bienvenido a www.promosdanone.com.uy (el \u201cSitio\u201d) de FORT MASIS S.A. (el \u201cTitular\u201d), con RUT 21.428507.0013, con domicilio en [&hellip;]<\/p>\n","protected":false},"author":1,"featured_media":0,"parent":0,"menu_order":0,"comment_status":"closed","ping_status":"closed","template":"","meta":{"site-sidebar-layout":"default","site-content-layout":"","ast-site-content-layout":"default","site-content-style":"default","site-sidebar-style":"default","ast-global-header-display":"","ast-banner-title-visibility":"","ast-main-header-display":"","ast-hfb-above-header-display":"","ast-hfb-below-header-display":"","ast-hfb-mobile-header-display":"","site-post-title":"disabled","ast-breadcrumbs-content":"","ast-featured-img":"","footer-sml-layout":"","theme-transparent-header-meta":"","adv-header-id-meta":"","stick-header-meta":"","header-above-stick-meta":"","header-main-stick-meta":"","header-below-stick-meta":"","astra-migrate-meta-layouts":"default","ast-page-background-enabled":"default","ast-page-background-meta":{"desktop":{"background-color":"var(--ast-global-color-5)","background-image":"","background-repeat":"repeat","background-position":"center center","background-size":"auto","background-attachment":"scroll","background-type":"","background-media":"","overlay-type":"","overlay-color":"","overlay-opacity":"","overlay-gradient":""},"tablet":{"background-color":"","background-image":"","background-repeat":"repeat","background-position":"center center","background-size":"auto","background-attachment":"scroll","background-type":"","background-media":"","overlay-type":"","overlay-color":"","overlay-opacity":"","overlay-gradient":""},"mobile":{"background-color":"","background-image":"","background-repeat":"repeat","background-position":"center center","background-size":"auto","background-attachment":"scroll","background-type":"","background-media":"","overlay-type":"","overlay-color":"","overlay-opacity":"","overlay-gradient":""}},"ast-content-background-meta":{"desktop":{"background-color":"var(--ast-global-color-4)","background-image":"","background-repeat":"repeat","background-position":"center center","background-size":"auto","background-attachment":"scroll","background-type":"","background-media":"","overlay-type":"","overlay-color":"","overlay-opacity":"","overlay-gradient":""},"tablet":{"background-color":"var(--ast-global-color-4)","background-image":"","background-repeat":"repeat","background-position":"center center","background-size":"auto","background-attachment":"scroll","background-type":"","background-media":"","overlay-type":"","overlay-color":"","overlay-opacity":"","overlay-gradient":""},"mobile":{"background-color":"var(--ast-global-color-4)","background-image":"","background-repeat":"repeat","background-position":"center center","background-size":"auto","background-attachment":"scroll","background-type":"","background-media":"","overlay-type":"","overlay-color":"","overlay-opacity":"","overlay-gradient":""}},"footnotes":""},"class_list":["post-38","page","type-page","status-publish","hentry"],"_links":{"self":[{"href":"https:\/\/promosdanone.com.uy\/index.php\/wp-json\/wp\/v2\/pages\/38","targetHints":{"allow":["GET"]}}],"collection":[{"href":"https:\/\/promosdanone.com.uy\/index.php\/wp-json\/wp\/v2\/pages"}],"about":[{"href":"https:\/\/promosdanone.com.uy\/index.php\/wp-json\/wp\/v2\/types\/page"}],"author":[{"embeddable":true,"href":"https:\/\/promosdanone.com.uy\/index.php\/wp-json\/wp\/v2\/users\/1"}],"replies":[{"embeddable":true,"href":"https:\/\/promosdanone.com.uy\/index.php\/wp-json\/wp\/v2\/comments?post=38"}],"version-history":[{"count":2,"href":"https:\/\/promosdanone.com.uy\/index.php\/wp-json\/wp\/v2\/pages\/38\/revisions"}],"predecessor-version":[{"id":40,"href":"https:\/\/promosdanone.com.uy\/index.php\/wp-json\/wp\/v2\/pages\/38\/revisions\/40"}],"wp:attachment":[{"href":"https:\/\/promosdanone.com.uy\/index.php\/wp-json\/wp\/v2\/media?parent=38"}],"curies":[{"name":"wp","href":"https:\/\/api.w.org\/{rel}","templated":true}]}}